1/120*o**6 + 0*o + 0 - 7/24*o**4 - o**3. Give c(-4).
-10
Suppose 62*h + 95 = -79 - 260. Let v(o) = 2*o**2 + 16*o - 8. Give v(h).
-22
Let t(z) = z**3 - 11*z**2 + 12*z - 20. Let k be t(10). Suppose -23*x + 28*x - 35 = k. Let f(c) be the second derivative of -c**3/6 + c**2 + c. Calculate f(x).
-5
Let u(a) = 10*a + 61. Suppose 143 = -71*f - 354. What is u(f)?
-9
Let m(y) = 26*y**2 - 14*y + 13. Let k(b) = -b**2 + 78*b - 1264. Let i be k(55). Determine m(i).
25
Suppose -3*f - 1 = -v - 4*f, v - 3 = f. Let c(j) be the first derivative of 341*j - 337*j - j**v - 12 - 17. Determine c(7).
-10
Let m(j) = 2*j + 2. Let x(l) = -15*l - 11. Let v(o) = 6*m(o) + x(o). Let g be (-112)/56*2/(-2)*-1. Give v(g).
7
Let w = 1444 + -1430. Suppose -15 = -4*a + 17. Let r = w - a. Let m(u) = u**3 - 5*u**2 - 7*u + 6. Calculate m(r).
0
Suppose 10 = -i - 3*k, -5*i + 0*k = k - 6. Let o = 791 + -788. Let n(h) = o*h - 4*h + i*h - 7. What is n(8)?
1
Let t(o) = o**3 - 7*o**2 + 5*o - 3. Suppose 0 = 2*p - 5*s - 35, -6*s = 5*p - s. Suppose -3*h - 15 = 0, -p*m - 3*h + 0 = -15. Calculate t(m).
-9
Let a(v) be the third derivative of v**6/15 - v**5/60 - v**4/8 - v**3/6 - 10*v**2 + 6. What is a(2)?
53
Let b = 119 + -106. Suppose -8*a = -b + 69. Let k(d) = 5 - 3*d + 3 + 4*d. Determine k(a).
1
Let q(h) = 2*h**3 - 13*h**2 - 3*h - 16. Let c be q(7). Let p(n) = -c*n + n**2 + 15*n - 13*n + 4 + 8*n. Calculate p(4).
12
Suppose -5*d - 14 = 2*k, 0 = d - 5*k + 19 - 0. Let r be 0 - (1 + 0 + d). Let u(s) = 8 + 0*s**r + 2*s - 3*s - s**3 - 4*s - 7*s**2. What is u(-6)?
2
Let f(v) = v**2 + 8*v + 7. Let z(y) = -y**2 - 5. Let r(k) = f(k) + 2*z(k). Let t = 1 - -8. Let d = t + -3. Give r(d).
9
Let b(d) = d**2 + 17*d + 24. Let m be b(-15). Let q(v) be the second derivative of v**3/2 + 4*v**2 - 437*v. Calculate q(m).
-10
Suppose 0 = -4*f - 260 + 4. Let v = -62 - f. Suppose 13 = 5*j + 5*b + 48, v*j + 3*b = -16. Let r(c) = c**3 + 6*c**2 + 4*c - 7. What is r(j)?
-2
Let h(k) = -3*k + 2*k - 4*k + 1 + k**2. Suppose 612*i + 28 + 7 = 619*i. Calculate h(i).
1
Suppose -37*s - 13*s - 60*s + 770 = 0. Let f(g) = -6*g + g**2 - 3*g + 4*g - 10. Determine f(s).
4
Let x be (-1 + 1)/((-5)/(-6 - -1)). Suppose x = 7*j + 10 + 11. Let w(p) = -p**3 - 2*p**2 - 3*p - 3. Determine w(j).
15
Let w be (-2 - (-5 + 2))/(-1) - -10. Let z be (5/(60/(-27)))/(w/24). Let d(r) = -r**3 - 6*r**2 + 2*r + 9. Determine d(z).
-3
Suppose 0 = -4*b + 2*l + 66, -b + l + 9 = -2*l. Let q be (-2 - 0)/((-12)/b). Let y(m) = m - 2. Determine y(q).
1
Suppose -21 = -2*w + 5*i, -879*w + 878*w = 2*i + 3. Let y(p) = -3*p**2 + 5*p - 2 + p**2 - 1. Determine y(w).
-6
Let d(x) = -x**2 + 5*x + 5. Let u be d(5). Suppose 4*p + 34 = 2*q, u*p - 3*q + 0*q = -44. Let y(b) = -3*b - 3. Calculate y(p).
18
Let u(m) be the first derivative of 29*m**2/2 - 28*m + 67. Let v(k) = -8*k + 9. Let n(r) = 2*u(r) + 7*v(r). Calculate n(-7).
-7
Let q = -2658 + 2651. Let c(o) = -2*o - 31. What is c(q)?
-17
Let c(b) = -2*b**2 + 33*b - 21. Let n be ((-2)/7 + (-97)/28)*536/(-134). What is c(n)?
24
Let b(s) = 983*s - 4913. Let d be b(5). Let h(z) be the third derivative of -27*z**d + 0*z - 1/24*z**4 + 0*z**3 + 0. Calculate h(1).
-1
Let x(p) = 29*p**2 - 19*p - 233. Let d(q) = 51*q**2 - 37*q - 454. Let t(v) = 4*d(v) - 7*x(v). Give t(-8).
-1
Let b(l) = -l**2 - 7*l. Let u be b(-6). Let v = 8 - u. Let f(p) be the third derivative of -p**5/20 + p**4/6 - p**3/2 + 24196*p**2 + 1. What is f(v)?
-7
Let o(s) = -s**2 - 8*s + 253. Let c be o(12). Let j(y) = y**3 - 10*y**2 - 34*y - 18. Determine j(c).
47
Let a(k) be the second derivative of -k**3/3 - 75*k**2/2 + 2912*k. Determine a(-25).
-25
Let c(s) = -3*s + 7. Suppose 0 = -17*h - 363 - 1099. Let r = h - -93. Determine c(r).
-14
Let a(b) = b. Let r = 316 + -313. Suppose -4*d + 2*i - 54 = 0, -44 - 24 = 5*d - r*i. Calculate a(d).
-13
Let r(h) = -h**2 + 13*h - 21. Let n be (-2096)/(-88) - ((-60)/(-33) - 2). Suppose -6*a + n = -4*a. Calculate r(a).
-9
Let o(k) = -2*k + 5. Suppose -2797 = 18*b - 20455. Let c = b - 977. Calculate o(c).
-3
Suppose x = 2*l - 2, -5*l + 2 + 8 = 0. Let d(f) = 2*f + 5338*f**2 - 5337*f**x - f**3 - f. Calculate d(3).
-15
Let u(s) = -4*s**2 + 6*s - 5. Let t(f) = 3*f**2 - 6*f + 4. Let g(d) = 5*t(d) + 4*u(d). Let r = -350 + 299. Let w be (-273)/49 + 2 + r/21. What is g(w)?
0
Let v(n) = -2*n**2 - 3*n - 3. Let c(b) be the second derivative of b**5/10 + b**4/6 - 5*b**3/6 - 5*b**2/2 + 48*b. Let x be c(-2). Give v(x).
-12
Let b(l) = -2*l. Let h be (5 - 200/64) + (-3)/(-24). Let q(f) = 7*f + 5. Let g(c) = h*b(c) + q(c). Suppose 0*j - 7 = j. Determine g(j).
-16
Let f = 38 - 7. Suppose 14 = n + 4*w + f, 5*n - 5*w = 15. Let g(h) = -9*h**3 + 52*h**3 - 34*h**3 - 12*h**3 + h. What is g(n)?
2
Suppose -2*g - 16 = l, -g = -4*g - 3*l - 27. Let b(m) = -48 - 8*m + 1485*m**3 - 1486*m**3 - 8*m**2 + 35 + 22. Give b(g).
16
Suppose 13*m = 15*m - 2, -22 = -4*p - 2*m. Let r(x) = -x**3 + 3*x**2 + 8*x - 12. What is r(p)?
-22
Let c(d) = 5*d**3 - 8*d**2 - 4*d + 4. Let s(g) = -12*g**3 + 17*g**2 + 10*g - 8. Let j(m) = 5*c(m) + 2*s(m). Determine j(6).
4
Let n(p) = 118*p + 13 - p**2 - 219*p + 5 + 120*p + 1. Determine n(20).
-1
Let f(d) = -d**2 + 1. Let r(s) = -4*s**2 - 3*s - 1. Let w(t) = 3*f(t) - r(t). Let a = 64 + -36. Let y = 22 - a. Determine w(y).
22
Let p(v) be the first derivative of -v**2/2 + 15*v + 5801. Calculate p(9).
6
Let s(z) be the third derivative of -z**6/120 + z**5/20 + 7*z**4/24 - z**3/6 + 3*z**2. Let d be 75/(-9)*-12*1/20. Determine s(d).
-16
Let p(o) = -o**3 - 7*o**2 + 12*o + 16. Let x be p(-8). Let l(y) = y + 23. Let m be l(x). Let n(d) = d - 8. Determine n(m).
-1
Let x(g) = 4044*g**3 + 4050*g**3 - 3 - 8091*g**3 + 31*g**2 - 22*g - 1. Determine x(-11).
-4
Let n(o) = -19*o**3 - 4*o**2 + 3*o + 17. Let h(i) = -15*i**3 - 5*i**2 + 2*i + 17. Let t(g) = 5*h(g) - 4*n(g). Calculate t(9).
-1
Let o = -501 - -511. Let u be -10 + 0 + o + -2. Let v(q) be the third derivative of q**5/20 + q**4/12 - q**3/3 + 2*q**2. Determine v(u).
6
Let x be (((-20)/15)/(20/(-3)))/(3/30). Let t(v) be the third derivative of 1/3*v**3 - 1/30*v**5 + 0 + 1/24*v**4 + 0*v - v**2. Give t(x).
-4
Suppose -8 = 2*h - 0*h. Let u(v) be the second derivative of -1/12*v**4 - 3/2*v**3 - 3 + 0*v**2 - 8*v. What is u(h)?
20
Suppose -2*a + 154 = -3*x + 116, -x + 5*a - 43 = 0. Let g(s) = -3*s - 26. What is g(x)?
-2
Let u be 20*((-8)/10)/2. Let y(b) be the first derivative of b**2/2 + 16*b + 89289. Give y(u).
8
Suppose -525 = 49*f - 124*f. Let q(o) = -o**2 + 12*o - 44. Give q(f).
-9
Suppose 0 = -10*g - 2*g + 60. Let y(k) = k - 2 + g*k**2 + 3*k**2 - 3*k**2 + 0*k**3 + k**3 + k. Calculate y(-4).
6
Let w(l) = 12*l + 2*l - 2 + 6 - 8*l. Let o(i) = -2*i + 53. Let u be o(29). What is w(u)?
-26
Let a(i) = -i + 4. Let y be a(5). Let n be 6/(-9)*y*-12. Let b(r) = 303*r**2 + 8*r + 1 - 150*r**2 - 3 - 152*r**2. Determine b(n).
-2
Let i(d) = -91*d - 12. Let o(k) = -82*k - 8. Let n(f) = -5*i(f) + 6*o(f). What is n(-3)?
123
Let n(r) = 2*r - 15. Let c = 518 - 829. Let x = c + 311. What is n(x)?
-15
Let z(k) = 7*k**2 - 3*k - 6. Let j be ((-12)/10)/((-8)/80). Let p(b) = j - b + 6*b - 59*b**2 + 46*b**2. Let i(g) = 6*p(g) + 11*z(g). Determine i(-5).
-4
Suppose -3*u - 6 = 0, -4*u - 2784 = -5*c - 881. Let i = 382 - c. Let t(w) = -w**3 + 3*w - 2. Determine t(i).
-20
Let b(j) = 9*j - 28. Let f(t) = -10*t + 34. Let p(i) = 4*b(i) + 3*f(i). Let n(x) = 2*x - 2. Let u(k) = 4*n(k) - 2*p(k). Give u(4).
-4
Suppose -59*w + 193 = -413 + 16. Let d(u) = u**3 - 9*u**2 - 14*u + 9. What is d(w)?
-31
Let z(f) = -5*f**2 + 1367 - 41*f**3 - 12*f - 1331 + 42*f**3. Calculate z(6).
0
Let u(p) = 2806*p**3 - 817*p**2 - 2807*p**3 + 33 + 20*p + 800*p**2. Give u(-18).
-3
Let g(n) be the third derivative of n**4/24 + 2*n**3/3 + 18927*n**2. Suppose 0*o - 2*o = 22. Let r = 5 + o. What is g(r)?
-2
Let f(k) = -763*k + 1149*k + 323 - 427*k. Give f(8).
-5
Let r(w) = 3*w**3 - 15*w**2 + 6*w + 5. Let a be r(8). Let t(j) = 5*j - 316 - 333 + a. Calculate t(4).
0
Let n(b) = -b - 6. Suppose 7 = -2*k - q - 4, -4*k - 5*q = 7. Let g be n(k). Let z(a) = -g*a + 2*a - 2*a + 3*a. What is z(0)?
0
Let j(p) = -75*p**2 - 41*p + 14. Let y(a) = -92*a**2 - 50*a + 17. Let h(z) = -27*j(z) + 22*y(z). Suppose 20 = 4*s, f + 0*s + 1 = -s. Give h(f).
-10
Let q(k) = -22*k + 5*k**2 + 24*k - 1 - 